 m?
10
Let c = 505 + -338. What is the remainder when c is divided by 49?
20
Suppose 4*m - 639*l = -643*l + 2992, 0 = -2*m + l + 1481. What is the remainder when m is divided by 148?
3
Let t(a) be the second derivative of 2*a**3/3 - 29*a**2/2 - 12*a. Calculate the remainder when (1*19)/(6/18) is divided by t(11).
12
What is the remainder when 3993 is divided by 15 - ((-5)/(30/4) + (-200)/(-30))?
6
Let o be (2632/(-24))/(3/((-27)/3)). Suppose o = 10*w - 191. What is the remainder when w is divided by 19?
14
Let n(z) = -242*z - 10572. What is the remainder when 395 is divided by n(-45)?
77
Let l(v) = -12*v**3 + v**2 - 16*v - 58. Calculate the remainder when l(-3) is divided by 86.
65
Suppose -24*p = -29*p + 875. Let f = 12 + 47. Calculate the remainder when p is divided by f.
57
Suppose 5*h + 75 = 5*s, 2986*h + 3 = 5*s + 2990*h. Suppose 5*u - 24 = 6. Let t(g) = -g**3 + 6*g**2 + 3*g - 7. What is the remainder when t(u) is divided by s?
4
Let o(b) be the first derivative of b**4/4 - 8*b**3/3 + 15*b**2/2 - 6*b - 35. What is the remainder when 21 is divided by o(6)?
9
Let a = 75 - 54. Suppose -3*f = -5*x + 22, -3*x - 77*f = -79*f - 14. Calculate the remainder when a is divided by x.
1
Let n be (-6)/(-9) + (-2)/3. Suppose 4*m - 18 - 10 = n. Let b(k) = -k**2 + 78*k + 63014. What is the remainder when b(293) is divided by m?
5
Suppose -j + 2*r + 2725 = -583, -3*r + 15 = 0. Suppose j = 40*n - 4562. Calculate the remainder when n is divided by 21.
8
Let u(h) = -5*h**3 + 5*h**2 + 10*h + 2. Let y be u(-4). Let t = -244 + y. Calculate the remainder when t is divided by 5/(5/14) + 1.
13
Let w = 1514 + -465. Calculate the remainder when w is divided by 81.
77
Suppose 0 = 3*l - 3, 7*b - 3*b = 5*l + 15. Suppose -2*s + 4*a = 8, -154*s = -158*s + 3*a - 36. Calculate the remainder when 59 is divided by 2*b*(-18)/s.
14
Let f be 5 - 1 - (34 + -52). Suppose -17*y = -j - f*y + 55, -y = -j + 73. What is the remainder when j is divided by 41?
29
Let w(s) = -6*s**2 - 4*s - 4. Let u be w(-2). Calculate the remainder when (-1)/(-3)*(-2295)/(-15) is divided by 152/u*20/(-8).
13
Let v(n) = 2*n**3 - 10*n**2 - 15*n + 61. What is the remainder when v(15) is divided by 18?
16
Let i(q) = -q**3 + 6*q**2 - 5*q - 2. Suppose 0 = 3*b + 4*u + 152 - 716, 0 = 3*b - 5*u - 537. Let x = 187 - b. Calculate the remainder when i(4) is divided by x.
1
Suppose 5983 = -5*l + 6928. What is the remainder when 399 is divided by l?
21
Let j(u) = -5*u - 25. Let m be j(-5). Suppose 0 = 6*c - m*c - 222. Suppose 0 = y - 7 - 6. Calculate the remainder when c is divided by y.
11
Let y(k) = 26*k**3 - 5*k**2 + 41*k - 22. Calculate the remainder when y(4) is divided by 572.
10
Let h(f) = 9*f - 56. Suppose 12266 = 20*n - 6634. Calculate the remainder when n is divided by h(11).
42
Suppose -35*s = 22*s - 61389. What is the remainder when s is divided by 18?
15
Suppose 0 = -3*c - 2*o + 4*o + 335, -3*c - 5*o = -349. Calculate the remainder when c is divided by 0/(-1) + (-266)/(-14).
18
Suppose -3*q + 6 = 0, 2*u + 2 = -0*q + q. Suppose -5*h - c - 3 = u, -4*h - 2*c - 3 = -c. Calculate the remainder when (4 - (h - -5))/((-2)/38) is divided by 11.
8
Let l(q) = q**3 - 19*q**2 + 126*q - 137. What is the remainder when l(15) is divided by 172?
165
Suppose 180*l - 310839 = 344901. Calculate the remainder when l is divided by 32.
27
Suppose -4*s + 35 = -p - 2*p, -5*s + 10 = 3*p. Let d(u) = 2*u - s*u**2 + 13 - u**3 + 10*u - 2*u**3 + 2*u**3. What is the remainder when d(-7) is divided by 6?
3
Let n = 358 + -368. Suppose -36 = -5*y + 3*y. Calculate the remainder when (0 + 2)*(0 + n + 27) is divided by y.
16
Let y = 11 - 2. What is the remainder when ((-50)/(-20))/((-160)/(-3264)) is divided by y?
6
Let b be 518*1 + 2 - 3. Suppose -3*k - t + 399 = 0, t = k - 182 + 49. Calculate the remainder when k is divided by ((-6)/(-4) - 2) + b/22.
18
Suppose -1045 + 233 = -28*a. What is the remainder when 543 is divided by a?
21
Let m = -12972 - -14608. Calculate the remainder when m is divided by 14.
12
Suppose -4*q - 2*u = -10, 5*u - 4*u - 4 = -q. Let k be (0 - -35) + -5 + (6 - q). Suppose -5*j = -k - 100. Calculate the remainder when 159 is divided by j.
24
Let q be (-4 - -5)*3 + -3. Suppose 3*v + q*v = 3. What is the remainder when ((v - 0)*2)/1 + 59 is divided by 16?
13
Let d = 471 + -429. Suppose -3 + d = 3*c. Calculate the remainder when c is divided by 3.
1
Let f(g) = 27*g**2 - 2*g + 1. Suppose -3*o - 31 = 50. Let u = o - -28. Calculate the remainder when 50 is divided by f(u).
24
Suppose 342*x = -4*u + 337*x + 7387, x = 2*u - 3697. Calculate the remainder when u is divided by 25.
23
Let a(u) = u**3 - 5*u**2 - 2*u + 12. Suppose t = 2*s + 71 - 16, 0 = 3*s + t + 85. Let y = -8 - s. Calculate the remainder when a(6) is divided by y.
16
Let c = -29607 - -29686. Calculate the remainder when 7425 is divided by c.
78
Suppose 5*g + 4*x = 74, -3*g + 36 = -5*x - 1. Calculate the remainder when 201 is divided by g.
5
Let j = 6690 + -6637. Calculate the remainder when 1268 is divided by j.
49
Let k = 444 - 383. Suppose g - 4 + 2 = 0. Suppose g*a - 2*c = -3*c + 43, -107 = -5*a - 2*c. What is the remainder when k is divided by a?
19
Suppose -n - 5*x = -224, -170 = -7*n + 6*n + 4*x. What is the remainder when n is divided by 92?
10
Let t = 9 - 36. Let g(s) = -11*s - 27. Let y be g(t). Suppose 0 = -7*i - 11*i + y. What is the remainder when i is divided by 3?
0
Let h = 180 - 176. Suppose -4*y - y + 4*r = -55, h*y - 3*r = 45. Calculate the remainder when y is divided by 9.
6
What is the remainder when ((-36)/(-21) - 2)*-834*(-4 - -11) is divided by 38?
34
Let c(d) = 5*d + 62. Suppose z + 33 = 42. Calculate the remainder when c(z) is divided by -3*(-14 + 2)*1.
35
Let d(c) be the third derivative of c**6/60 - c**5/6 + c**4/4 - 2*c**3 - 2*c**2 - c. Let h = -111 - -253. Calculate the remainder when h is divided by d(5).
16
Suppose 3*n - s - 8 = 3, -3*n - 1 = -4*s. Calculate the remainder when 64 + n + (-2)/(-2) is divided by 15.
10
Suppose 197*j + 8947 = 220*j. What is the remainder when j is divided by 37?
19
Suppose 642 = 32*n - 2*s, -2*s = 18*n - 13*n - 98. What is the remainder when 2376 is divided by n?
16
Let t(r) = -r**3 + 7*r**2 - r - 26. Let i be t(6). Let j(z) = 3*z**2 + 10*z - 7. Calculate the remainder when j(i) is divided by 12.
9
Suppose -g - 316 = q, 13*g = 11*g - q - 631. Let i = 666 + g. What is the remainder when i is divided by 16?
15
Let b(j) = -53*j - 415. Calculate the remainder when 69 is divided by b(-8).
6
Suppose 0 = 4*g + 3*d + 1703, 28*d - 25*d + 2125 = -5*g. Let k = -406 - g. Let q = 78 - 33. Calculate the remainder when q is divided by k.
13
Let x = -912 - -2403. Suppose 9*l - x = 372. Calculate the remainder when l is divided by 16.
15
Let k(x) = -22*x**2 + 2*x + 8. Let r be k(-2). Let p = r - -123. Calculate the remainder when p is divided by 5.
4
Let x = -38 + 58. Suppose -2*m + 146 + x = 0. Let d = -2831 - -2860. What is the remainder when m is divided by d?
25
Let a(x) = 4*x**2 + 29*x + 6. Let t = -273 + 477. Calculate the remainder when t is divided by a(-9).
66
Suppose 4*r + 142 = 5*a, 6*a = 3*a - 3*r + 69. Suppose -a = -2*i + 3*d, 4*i - 2*i - 2 = -3*d. Calculate the remainder when i is divided by 5.
2
Let q(j) = -173*j - 1. Let b be q(1). Let l = -166 - b. Calculate the remainder when 39 is divided by l.
7
Suppose 41*h - 17*h = 552. Let l(n) = -n**2 + 6*n + 5. Calculate the remainder when h is divided by l(5).
3
Let f(o) = -o. Let q(y) = -5*y - 2. Let j(k) = -4*f(k) - q(k). Suppose 32 = -6*z + 536. What is the remainder when z is divided by j(3)?
26
Suppose -25 = 5*a, 2*n + 2*a = -2*n + 1094. Let c = -143 + n. Calculate the remainder when c is divided by 15.
13
Let m = -87 + 124. Suppose 0 = -d - 2*b + 35, -b + 436 - 477 = -4*d. Calculate the remainder when m is divided by d.
11
Suppose 2328 - 3246 = -18*v. What is the remainder when 3306 is divided by v?
42
Suppose -2*t - 13 = 3*h + 3*t, 5*h = -t + 15. Suppose 2*w - v - 2 - h = 0, 4*v = 4*w - 20. Let i = -59756 + 59757. What is the remainder when w is divided by i?
0
Let b(o) = 8*o - 117. Let k be b(15). Calculate the remainder when 109 is divided by 28 + -10 + k + 1.
21
Let h be (-1 + -4)/(5/(-10)). Suppose -16 = -2*o - h. Suppose 0 = 17*p - 15*p - 40. Wha